pose -3*i + 35 = 4*k, -4*i + b*k = i - l. What is the remainder when 50 is divided by i?
16
Let b be -4*3/(7 + -1). Calculate the remainder when (1 + 0)*(-58)/b is divided by 11.
7
Suppose -j + 3*n - 8 = n, -5*n = -20. Suppose 2*h + l - 61 = j, -5*h + 16 = 3*l - 138. What is the remainder when h is divided by 15?
14
Let w = 33 + -16. Let u be 36/15 - 2/5. What is the remainder when -3*(-62)/6 + u is divided by w?
16
What is the remainder when 18/(-12)*(0 + -34) is divided by (-6)/(-3) + (-11)/(-1)?
12
Let t be 1/(0 - 1) + -4. Let w(s) = -s**3 + 6*s**2 - 6*s - 4. Let p be w(5). Let a = t - p. Calculate the remainder when a is divided by 2.
0
Let g = 3 + 9. What is the remainder when 22 is divided by g?
10
Let u = 168 + -143. What is the remainder when u is divided by 10?
5
Let m(c) = 11*c**3 + 6*c**2 + 4*c - 10*c**3 - c - 2. What is the remainder when 22 is divided by m(-5)?
6
Calculate the remainder when 480/(-8)*(-1)/(2/2) is divided by 9.
6
Suppose 3 = 3*w, 2*c - 2*w - 3*w - 15 = 0. What is the remainder when c is divided by 4?
2
Suppose 2*y = 5*y - 18. Suppose 3*w + 40 = 7*w. Calculate the remainder when (y - 5)/((-1)/(-19)) is divided by w.
9
Let g(f) = f**3 + 6*f**2 + 4*f - 5. Calculate the remainder when 43 is divided by g(-4).
10
Let d(o) = -o**3 - 3*o**2 + 2*o - 3. Calculate the remainder when 146 is divided by d(-5).
35
Suppose 15 - 42 = -3*m. Calculate the remainder when 43 is divided by m.
7
Let j(z) = -z**3 + 7*z**2 - 7*z + 4. Suppose 1 + 15 = 4*p. What is the remainder when j(p) is divided by 9?
6
Let r(j) = 12*j + 7. What is the remainder when r(4) is divided by 19?
17
Let b be -1 - (-28 - (-6)/(-3)). Let w = -20 + b. Let c = w - 3. Calculate the remainder when 16 is divided by c.
4
Let u(d) = 18*d**2 + 2*d + 3. What is the remainder when u(-2) is divided by 24?
23
Suppose 3*d + 5*q - 20 = -2*d, 4*d - 3*q = -19. Calculate the remainder when -1 - -1 - (-14 - d) is divided by 7.
6
Let v(w) = -3*w**2 + 25*w - 5. Calculate the remainder when 6 is divided by v(8).
0
Suppose 0 = 2*q + 6, -2*g + 7 = -q - 6. Let r be 5/15 - 76/3. Let v = -7 - r. What is the remainder when v is divided by g?
3
Let x(q) = q**3 + 8*q**2 + 4*q - 6. Let b = 7 + 4. Calculate the remainder when x(-6) is divided by b.
9
Let q = 128 - 81. Suppose -4 - 8 = -y. Calculate the remainder when q is divided by y.
11
Let r(x) = -x + 5. Suppose -p + 6 = -13. What is the remainder when p is divided by r(-5)?
9
Let d be ((-1)/(-3))/((-1)/(-6)). Suppose 5*u - 25 = a, 4*u - d = u - 2*a. Suppose g + 42 = u*g. What is the remainder when 41 is divided by g?
13
Suppose 23 = -17*s + 1332. What is the remainder when s is divided by 20?
17
Let u = 95 - 82. Calculate the remainder when u is divided by 7.
6
What is the remainder when 43 is divided by 20/6*(-72)/(-16)?
13
Let i = 22 + -16. Suppose b = -i + 13. Calculate the remainder when 11 is divided by b.
4
Suppose 10 = 3*z - 5*o - 16, 3*z - 32 = 2*o. What is the remainder when 32 is divided by z?
8
Suppose 384 = -4*s + 20*s. Calculate the remainder when 94 is divided by s.
22
Let d = -6 - -65. What is the remainder when d is divided by 15?
14
Let i be -19 + 2/(-4)*2. Let b = 44 + i. Calculate the remainder when b is divided by 13.
11
What is the remainder when 15 is divided by 4/(-10) - (-470)/50?
6
Suppose 6*i = 2*i + 56. What is the remainder when 54 is divided by i?
12
Suppose -2*u + 1 + 5 = 0. Calculate the remainder when 5 is divided by u.
2
Let t be (-2 + -2 + -1)*-1. Suppose -t*r - 26 + 116 = 0. Calculate the remainder when (-2)/(-7) - (-369)/7 is divided by r.
17
Suppose 0 = -0*j + 4*j - m - 275, 4*j - 255 = 5*m. Calculate the remainder when j is divided by 6.
4
Let w = 123 + -118. What is the remainder when 57 is divided by w?
2
Suppose 0 = 3*x + 6 - 24. Suppose 4*a + c + x = 2, -a = -3*c + 14. Calculate the remainder when 4 is divided by (-22)/(-6) - a/(-3).
1
Suppose -3*i - 6 + 3 = 0, 4*i = 4*g - 28. Suppose -g - 182 = 4*c. Let q = -21 - c. What is the remainder when q is divided by 9?
8
Let b = -4 + 6. Let j be 5/(-2)*(-6)/3. Suppose 5 = -j*g + 25. What is the remainder when g is divided by b?
0
Let g(j) = -j**3 + 3*j - 2. Suppose -6 = 3*c, -2*t = 5*c + 1 + 15. Let h = 76 - 15. What is the remainder when h is divided by g(t)?
13
Suppose 180 = -2*u + 4*u. Calculate the remainder when u is divided by 46.
44
Let g = 21 + -16. Calculate the remainder when 17 is divided by g.
2
Let n = -15 + 26. What is the remainder when 42 is divided by n?
9
Let r(t) = 5*t - 4*t - 2*t. Let i = 8 - 2. What is the remainder when i is divided by r(-4)?
2
Suppose 0 = -5*r - 15, 5*l + 37 = -2*r + 246. Calculate the remainder when l is divided by 9.
7
Suppose 5*l - 15 - 10 = 0. Let r = 7 - l. Suppose -4*v = 16, v = 5*t - r*v - 47. Calculate the remainder when t is divided by 4.
3
Let i(h) = 2*h + 1. What is the remainder when 50 is divided by i(8)?
16
Suppose 4 = 6*v - 2*v. Calculate the remainder when 30 is divided by 1 + -4 - (v - 15).
8
Let l(r) = r**3 - r + 8. What is the remainder when 2/((-2)/(-87)*3) is divided by l(0)?
5
Let s(y) = y**2 - 3*y. Let f be s(4). Suppose 4 = 4*b + 4*i, 5*i + 0*i = -f*b + 8. Let l(z) = -4*z - 4. Calculate the remainder when 15 is divided by l(b).
7
Suppose -d + 4*c - 6 = 0, -5*d + 4*c + 20 = 2. Let f(s) = -s**3 + 10*s**2 + s - 6. Calculate the remainder when d is divided by f(10).
2
Let q(m) = 41*m**2 - 3*m - 3. Calculate the remainder when q(-1) is divided by 26/2 + (-2)/(-2).
13
Let t be (1 - (4 - -15))/(-1). Suppose 6 = -i + t. What is the remainder when 21 is divided by i?
9
Let l(n) = -n**2 - 5*n + 7. Let p(m) = m**2 - 10*m + 10. Suppose -15*q = -11*q - 36. Calculate the remainder when l(-6) is divided by p(q).
0
Let y(q) = q + 11. Let f be y(-11). Suppose -w + 4*u - 4 = -31, 2*w + 2*u - 94 = f. What is the remainder when w is divided by 15?
13
Let u(c) = c**3 - 5*c**2 - 3*c - 11. Calculate the remainder when 27 is divided by u(6).
6
Suppose 2*g - 26 = 2*h, -h = -4*g - 3*h + 70. Let p = -8 + g. Calculate the remainder when 31 is divided by p.
7
Let m = -4 + 3. Let g be 0/(-2) - m*2. Suppose -g*u + 7*u = -3*r + 26, r - 12 = -u. Calculate the remainder when r is divided by 9.
8
Let r = 27 + -16. What is the remainder when 21 is divided by r?
10
Suppose 158 = -v - v. Let q = v + 32. Let y = 75 + q. What is the remainder when y is divided by 10?
8
Suppose 176 = 2*g + 2*g. Suppose 5*v + 0*n - 26 = -n, -4*v = -5*n - g. Suppose -3*b - 3 = -12. What is the remainder when v is divided by b?
0
Suppose -q - 1 = 3*z, -3 - 3 = -2*z - 4*q. Calculate the remainder when 11 is divided by 6/z*(-7)/6.
4
Suppose 5*d - l = 3*l + 32, 2*l - 36 = -4*d. Suppose -u + g = -8, -2*u + 4*g = -d - 8. What is the remainder when u is divided by 10/1*2/4?
3
Suppose 20 = 3*k - 4*i - 2, 2*k - 4*i - 12 = 0. Suppose m + 2*s - 49 = 0, -s = 2*m + 3*m - 200. Calculate the remainder when m is divided by k.
9
Suppose -4*u - 3*m + 469 = -215, 5*m + 342 = 2*u. Suppose -u = -3*k - 21. What is the remainder when k is divided by 17?
16
What is the remainder when 1 - 2/(0 - 1) is divided by (3/(-2))/(6/(-4))?
0
What is the remainder when 3 is divided by 2/(-8)*(-7 - -3)?
0
Suppose -y + 30 = -0*y. Suppose 5*d + s + 2*s - 67 = 0, -3*s = -2*d + 10. What is the remainder when y is divided by d?
8
Suppose -4*z = -2*q - 20, -z + 2*q + 0*q = -5. Let a = 7 - z. Calculate the remainder when 3 is divided by a.
1
What is the remainder when 4/(-30) + (-19552)/(-390) is divided by 17?
16
Calculate the remainder when 6 is divided by (-15)/(-5)*8/6.
2
Let i(g) = -3*g + 7. Suppose -4*h - 5*r = -48, 4*h = r - 3 + 27. Let n be i(h). What is the remainder when 8 is divided by n/(-3) - 4/(-12)?
3
Suppose -8*b - 64 = -12*b. What is the remainder when 76 is divided by b?
12
Let q = 2 + 3. Suppose 11 = -q*x + 41. Suppose b + 0 = x. What is the remainder when 16 is divided by b?
4
Let y(a) = -a - 7. Let s be y(-6). What is the remainder when 2 is divided by (s*1)/((-5)/10)?
0
Let z(r) = -r**2 + 5*r - 2. Let c be ((-2)/(-5))/((-2)/(-20)). What is the remainder when 3 is divided by z(c)?
1
Calculate the remainder when (-258)/(-18) + (-2)/6 is divided by 8.
6
Suppose -2*g - 2*g - 8 = 0. Let w = g + 7. Calculate the remainder when 15 is divided by ((-8)/w)/((-6)/30).
7
Suppos